ens digit of 303/6 + (3/b)/1?
5
Suppose -15*b + 5786 = -4*b. What is the tens digit of b?
2
Suppose -48*t + 44*t + 7408 = 2*a, -5*a + 10 = 0. What is the units digit of t?
1
Let m be 172/6 - (-1)/3*1. Let k = m - -24. What is the tens digit of k?
5
Suppose -15 = -3*f + 3*p, 4*f - p + 2*p = 30. Let u = 5 + f. What is the units digit of u?
2
Let a(d) = -16*d - 870. What is the units digit of a(-65)?
0
Let l = 256 + -34. What is the hundreds digit of l?
2
Let x(i) = 3*i**3 - 35*i**2 + 18*i + 28. What is the units digit of x(14)?
2
Suppose 0 = 36*t - 15488 - 13528. What is the tens digit of t?
0
Let k(b) = 2*b**2 - 7*b - 5. Let c be k(7). Suppose 5*q - c - 6 = 0. What is the tens digit of q?
1
Let h(u) = -4*u - 15. Let c be h(-14). Suppose c = 3*g + 5. What is the tens digit of g?
1
Let d be (-24)/(-30) + (-249)/5. Let s = d + 76. What is the units digit of s?
7
Let n = -3 - -20. Suppose -3*l + 185 = n. What is the tens digit of l?
5
Let n be (20/(-40))/((-2)/384). Suppose n = -17*o + 20*o. What is the tens digit of o?
3
Let l(c) be the third derivative of c**4/6 - c**3/6 + 5*c**2. Let d be l(1). Suppose 46 = -d*h + 151. What is the units digit of h?
5
Suppose 3*u - o + 298 = 0, 0 = 2*u - 5*o - 1 + 217. Let j = 315 + u. What is the hundreds digit of j?
2
Let r(z) be the second derivative of z**4/12 + z**3/6 - 9*z**2/2 + 7*z. Let j be r(-4). Let x(y) = 4*y - 1. What is the tens digit of x(j)?
1
What is the units digit of (-2)/12 + -39*(-582)/108?
0
Let b(n) = 43*n**2 - 8*n - 22. What is the units digit of b(-2)?
6
Suppose -5*u - 890 = -5*v, 0*v - 896 = -5*v - u. Let n = v + -99. What is the units digit of n?
0
Let l = -14 - -34. Suppose -2*y + 64 + l = 0. What is the units digit of y?
2
Let n(f) = 4*f + 22. Let h be n(10). Let y = h + -8. What is the tens digit of y?
5
Let t(b) = b**2 - 25*b + 106. What is the tens digit of t(30)?
5
Suppose 0 = -5*u - 2*w - 132, -124 = u + 3*u - 3*w. Let l be (-532)/(-22) - u/(-154). Let y = l - 12. What is the tens digit of y?
1
Suppose -35*v + 10029 + 681 = 0. What is the units digit of v?
6
Let s(t) = 4*t**2. Let g be s(-1). Suppose -8 = -g*h, u + 3*h = 5*u - 286. What is the units digit of u?
3
Let p be 52/16 - (-3)/(-12) - 17. Let b = 47 - p. What is the tens digit of b?
6
Let r(j) = 2*j**2 - 3*j**2 + j**3 - 2*j - j + 2*j**2 - 2. Let c(o) = -3*o**3 - 3*o**2 + 7*o + 4. Let x(i) = 2*c(i) + 5*r(i). What is the units digit of x(-2)?
4
Let o(c) = -c - 1. Let g(i) = 5*i + 1. Let z(y) = 2*g(y) + 4*o(y). What is the units digit of z(7)?
0
Let u = -11 - -15. Let w be (-3)/u - (-46)/8. Suppose -2*n + 52 = w*x, -3*x = -n + 4 - 0. What is the tens digit of n?
1
Let c = 5 - -1. Let m(p) = 33*p + 2. Let w be m(c). Suppose 5*t = w - 5. What is the tens digit of t?
3
Suppose -18*r + 920 = -13*r. What is the units digit of r?
4
Let t = 1952 - -609. What is the units digit of t?
1
Let l(g) = -g**2 + 38*g - 21. What is the hundreds digit of l(15)?
3
Let m(z) = 53*z**3 + 3*z - 18. What is the hundreds digit of m(2)?
4
Suppose -8*u + 2*u = 0. Let z(w) = w**3 + w**2 - w + 69. What is the units digit of z(u)?
9
Let f(p) = p - 16. Let q be f(4). Let i = q + 74. What is the tens digit of i?
6
Let v(o) = o + 9. Let a(t) = -3*t - 23. Let g be a(-7). Let h be ((-25)/(-15) + g)*21. What is the units digit of v(h)?
2
Let r(z) = z**2 - z - 8. Let l be r(0). Let c = l + 13. Suppose 52 = -3*i + c*i. What is the units digit of i?
6
Suppose 0*h - 4*h + 120 = 4*p, 5*p - 116 = -4*h. What is the units digit of h?
4
Let k = -604 + 1211. What is the units digit of k?
7
Suppose -23*u + 21*u = -48. Let x = 28 + u. What is the tens digit of x?
5
Let m = -12 + -50. Let f be (-1)/(-1*(-2)/m). Let r = f - 9. What is the units digit of r?
2
Let k(s) = -s**3 - 3*s**2 - 14*s - 45. What is the tens digit of k(-7)?
4
Suppose 2*f - 316 + 82 = 0. Let d be 9/24 + f/8. What is the tens digit of d/(2 - -1)*4?
2
Suppose 0 = -p + 17 - 88. Let w = 120 + p. What is the units digit of w?
9
Let p be (8/(-6))/(2/15). Let u = p - 0. What is the tens digit of (0 - -1)*(-300)/u?
3
Suppose -3*p + 5*g = -9133, 2*g = 4*p - 13239 + 1057. What is the units digit of p?
6
Let s be (0 - -1)/(1/(-4)). What is the units digit of -5 + 64 + 2 + s?
7
Let v = 18 - 15. Suppose -v*j = 5*o - 81, 4*j - o - 13 = 118. Let f = -27 + j. What is the units digit of f?
5
Let j(n) = -4*n + 7. Let z be j(2). What is the units digit of (z - -2)*(3 - -12)?
5
Suppose -6*f = -8*f + 10. Suppose 61 = 3*d - f. What is the tens digit of d?
2
Let k be (3/(-3))/(-2*(-2)/4). Let t(h) = 59*h**2 + h. What is the tens digit of t(k)?
5
Suppose 0*a + 2*c + 22 = 3*a, 5*a - 20 = -5*c. Let d be (-28)/a*(-864)/84. Suppose -d = -3*o + o. What is the tens digit of o?
2
Let m = -10 - 14. What is the tens digit of -1 - (5586/m + (-2)/8)?
3
Let g = -1186 + 2150. What is the hundreds digit of g?
9
Let n = -1783 + 2750. What is the tens digit of n?
6
Let a = -28 - -128. Let g = -27 + a. What is the units digit of g?
3
Let h = -336 - -406. Let q(p) = p**2 + p - 1. Let u be q(6). Let i = h - u. What is the units digit of i?
9
Suppose -8*j = -7*j - 3*q - 362, -5*q = 15. What is the units digit of j?
3
Let d be (-43)/(-4) - (9/12 + -1). Suppose 0 = -d*h + 7*h + 524. What is the tens digit of h?
3
Let z = 248 - 113. Suppose 0 = -3*f + 4*t + 206, 2*t + z = 3*f - 61. What is the tens digit of f?
6
Let l = -496 + 5579. What is the hundreds digit of l?
0
Suppose 4042 = 5*x - 3*i, x - i - 805 = 3*i. What is the hundreds digit of x?
8
Let g = 1719 + -712. What is the units digit of g?
7
Suppose 0 = 3*u - 3 - 12. Let z(l) = -26*l - u + 4 + 22*l. What is the units digit of z(-7)?
7
Suppose -4*y + 8 = 3*c, 0*c - 2*c = -5*y + 10. Suppose 0*f + 4*f = c. Suppose -3*j = -5*i - f*j + 106, 2*i + 5*j = 61. What is the units digit of i?
3
Suppose 2*p + 20 = 3*l, -2*p - 8*l + 3*l = -12. Let c be ((-2)/p)/((-2)/24). What is the units digit of (2/(-7))/(c/42)?
2
What is the units digit of (-18344)/(-24) - (-2)/(-6)?
4
Let b(v) = 11*v**2 - 15*v + 142. What is the thousands digit of b(12)?
1
Suppose 2*c + 5*u - 508 = 0, -2*u = -5*c - 3*u + 1247. What is the units digit of 2/(0 - (-6)/c)?
3
Suppose -5*z - 3*d + 3404 = 0, 4*d - 848 = -z - 157. What is the units digit of z?
9
Suppose 101 = 14*t - 13*t. What is the tens digit of t?
0
Suppose -2*y + 0*q + 48 = 2*q, y = -3*q + 24. Suppose 0 = p - 3*p + 5*x + y, -4*p + 4 = x. Suppose -r = p, 8 = 3*d + 5*r - 0. What is the units digit of d?
6
Suppose k + 2*k = -5*q - 11, -2*q = 4*k - 4. Suppose -4*a + b + 102 = 0, -5*a + 121 = -b + k*b. What is the units digit of a?
5
Suppose c = 2 - 0. Suppose -c = -l + 4. What is the units digit of 2/(4/l) + 25?
8
Let b be 2/(-2) + 10/5. Let y be -3*((-2)/(-6) - b). Let l = 7 - y. What is the units digit of l?
5
Suppose -94 + 665 = 2*n + 3*k, -1152 = -4*n + 4*k. What is the units digit of n?
7
Let q = 1026 - 587. What is the units digit of q?
9
Let h = -4 + -3. Suppose 2*n - 5 = 4*a + 43, 4*n - 4*a = 80. Let c = n - h. What is the units digit of c?
3
Let p be 4/10 + (-10)/25. Let f(k) = -k**2 - k + 5. Let t be f(p). Suppose -t*j + 21 = -9. What is the units digit of j?
6
Let q(d) = -d**3 + 8*d**2 - 4*d - 12. Let i be q(7). Suppose -i*c = -5*c. Suppose c = 6*a - 11*a + 115. What is the tens digit of a?
2
Let o(c) = -13*c + 45. What is the hundreds digit of o(-21)?
3
Let b(t) = 2*t - 32. Let x be b(4). Let v = x + 201. What is the tens digit of v?
7
Suppose 11 = -i + 21. Let g be (i - 23)/(-1*1). Let c = -7 + g. What is the units digit of c?
6
Let v = -198 - -880. What is the hundreds digit of v?
6
Let l(v) be the third derivative of v**3/6 - v**2. Let m(j) = -6*j - 15. Let i(f) = -6*l(f) - m(f). What is the units digit of i(4)?
3
Let x(v) = v**3 + 13*v**2 - 42*v - 12. What is the units digit of x(-13)?
4
Let h = -9 - -17. Suppose -6*b = -h*b + 306. What is the units digit of b?
3
Suppose -m + 5*h + 12 = 0, -4*m = -7*m - 3*h. Suppose 83 = -m*o + 6*o - 3*j, -5*j = 4*o - 43. What is the units digit of o?
7
Let y(c) = 2*c**2 + 11*c - 2. Let l(q) = -4*q**2 - 22*q + 5. Let n(h) = 4*l(h) + 10*y(h). What is the hundreds digit of n(-9)?
1
Let h = 6 - -1. Suppose 8 + h = 5*k. What is the units digit of (k/9)/((-1)/(-9))?
3
Suppose -18478 - 22238 = -29*c. What is the tens digit of c?